u - 4*g + 37 - 13. Calculate l(u).
-6
Let r(m) = 6*m + 2. Let b be r(-2). Let y(v) = -21*v + 2. Let i(j) = -4*j + 1. Let k(u) = 5*i(u) - y(u). Determine k(b).
-7
Let a be 8 + 60/(-4) + 9. Let m = 1 + -1. Let x(o) = o - o**2 + 2 + m - 3*o + o**3. Give x(a).
2
Let o(x) = 4*x + 3930 - 3931 - 2*x. What is o(4)?
7
Let p be 11 - 10 - 12/3. Let r(z) be the first derivative of -z**4/4 - z**3 + z**2 + z - 2. Calculate r(p).
-5
Let s(i) be the second derivative of -1/60*i**5 - i + 0*i**2 + 0 + i**3 + 1/8*i**4. Let t(a) be the second derivative of s(a). Determine t(3).
-3
Let a(o) = -o + 5. Suppose -5*h = v + 4, -3*h + 24 - 32 = 2*v. Determine a(h).
5
Suppose 5*n - 14 - 1 = 0. Suppose w + 1 - n = 0. Let v(k) = -3 - 3*k**2 + k**2 + k**2 + 5*k + 4*k**w - 2*k**3. Give v(3).
-15
Suppose 0 = -2*s - 9 + 5. Let c(h) = 2 - 702*h + 699*h - 4 + 2. What is c(s)?
6
Let x be (18 + -24)*(-2)/(-3). Let q(a) = 2*a**2 + 2*a - 4. Determine q(x).
20
Let x(d) = d**3 + 13*d**2 - d - 8. Suppose -10*m + 4*v + 39 = -13*m, m + 13 = 2*v. Give x(m).
5
Let h(f) = -f - 3. Suppose -14*s - 35 = -9*s. Determine h(s).
4
Let g(l) = 79 - 2*l**2 + 9*l + l**2 - 38 - 45. What is g(6)?
14
Let h = 939 - 940. Let b be (-2)/((-6)/(-3)) - -2. Let k(m) = -4*m**3 + 2*m**2 + 8*m + 1. Let n(z) = -z. Let f(s) = b*k(s) + 6*n(s). Give f(h).
5
Let s(i) be the first derivative of i**3/6 - 2*i + 11. Let v(u) be the first derivative of s(u). Calculate v(-1).
-1
Let z(h) = -3400*h - 4*h**2 - 10 + 5*h**2 + 3397*h. Determine z(6).
8
Let g(t) be the first derivative of -t**2/2 + 11. Let b(q) = -9*q - 1. Let i(u) = b(u) - 5*g(u). Let s be (-2)/5 + 85/25. Determine i(s).
-13
Let p(i) = 9 - 4*i + 3*i - i**3 - i + 6*i**2 - 26 + 15. What is p(5)?
13
Let o(h) = h**3 + 4*h**2 - 4*h - 1. Let t(j) = 0 - j - j**2 + j**3 + 7 + 4*j**2. Let b be 12*1*(-6)/18. Let y be t(b). What is o(y)?
-6
Let i(y) = 8*y**2 + 7*y + 6. Let o(z) = -19*z**2 - 15*z - 14. Let a(s) = -7*i(s) - 3*o(s). Determine a(4).
0
Let m = 586 + -592. Let h(c) = -4*c - 1. Give h(m).
23
Let v(d) = -6*d**3 - 3*d**2 - 7*d + 3. Let p(q) = q**3 + q - 1. Let i(x) = -5*p(x) - v(x). Suppose -5*j + 11 = 1. Let l be 18/8*j*(-4)/6. Determine i(l).
-4
Let g = -187 - -192. Let w(l) be the first derivative of l**3/3 - 3*l**2 + 3*l + 2. Give w(g).
-2
Let b(p) = p - 9. Let l(z) = 5*z + 2. Suppose 0 = 3*i - 2*g - 3, -i - 4 + 5 = 5*g. Let y be l(i). What is b(y)?
-2
Let t(k) be the second derivative of -k**3/6 + k**2/2 - 7*k - 9. Determine t(-7).
8
Let v = 22 - 6. Let k = v + -12. Let r(c) = -c**3 + 3*c**2 + 7*c - 6. What is r(k)?
6
Let z(t) = t. Suppose -4*w - 3*x = -15 + 3, 0 = -2*w - 3*x. Determine z(w).
6
Let j(t) be the first derivative of -5 - 1/3*t**3 - 2*t - 5/2*t**2. Suppose -n = n - 3*d + 11, -1 = -d. Give j(n).
2
Let v(o) = -2*o**3 - 2*o**2 - 6*o + 4*o + 3*o**3 + 0*o. Let r be ((-3)/9)/((-1)/3). Suppose q = -2, -5*w - r + 21 = -5*q. Give v(w).
-4
Let v(t) = -t**2 - 2*t + 14. Let w be v(-5). Let i(d) = d**2. Let p(g) = -6*g - 2. Let m(z) = w*i(z) + p(z). Suppose -3*r - 3 = 9. What is m(r)?
6
Let p(l) = 2*l - 16. Let m(x) = x**3 + 14*x**2 + 21*x - 28. Let c be m(-12). What is p(c)?
0
Let c(h) = 2*h**3 - 2*h**2 - 2*h - 1. Let d(y) = y**3 - 3*y**2 - 2. Let s be d(3). Let p be 0 + 2 + 0 - s. Let i be p/(3 - 7)*1. Determine c(i).
-3
Let y(l) = 2*l - 3. Let x(m) = -11*m + 12. Let n be x(12). Let t be -1*3/(-2)*n/(-36). Calculate y(t).
7
Let z(w) be the third derivative of w**5/30 + 5*w**4/24 - 2*w**3/3 + 10*w**2 - 1. Give z(-3).
-1
Let c = -8 - -1. Let s(y) = -y**3 - 13*y**2 - 2*y + 11. Let t(x) = x**2 - x - 1. Let l(g) = s(g) + 5*t(g). What is l(c)?
6
Let j = 55 - 8. Suppose 4*p = -r - j, -2*p - 2*r + 7 - 29 = 0. Let o be (p + 3)/3 + 0. Let u(b) = b**2 + 5*b + 4. Calculate u(o).
-2
Suppose m - 5*n + 20 = -2, -4*m - 2*n = 22. Let k(o) = -o - 10. Give k(m).
-3
Let c = 16 + -12. Let n be c/(-16) - (-2)/8. Let h(u) = u + n + 1 - 4. What is h(4)?
1
Let u(h) = 5*h + 9. Let f(j) = 5*j + 6. Let s(z) = -4*f(z) + 3*u(z). Calculate s(-3).
18
Let m(w) = -w - 2. Let c(v) = 2*v - 11. Let f be c(14). Suppose 0 = 4*j + 2*x + 7 - f, 0 = -5*x - 5. Give m(j).
-5
Let i(j) be the third derivative of -13*j**6/60 + j**4/24 + j**3/6 - 188*j**2. Determine i(-1).
26
Suppose -21 = -6*t + 27. Let n be (-4)/((-4)/t - -1). Let y(f) = -f**3 - 8*f**2 - 2*f - 3. Calculate y(n).
13
Let y(x) = 8*x**3 - x**2 - 2*x - 1. Let v(a) = a + 5. Let b be v(0). Suppose 0 = b*n + 1 - 16. Suppose 5 = 4*k - n*t, -4*k - 19 = -0*t + 5*t. Calculate y(k).
-8
Let k(b) = b**3 - 8 + 3*b**2 + 22 - 15 - b. Give k(-4).
-13
Suppose 0 = 2*q + 4*t - 2*t - 18, 2*t = 5*q - 45. Let s(h) = 2*h**3 - 19*h**2 + 8*h + 17. Determine s(q).
8
Let w(v) = 2*v**2 + v + 2. Suppose -2*p - p = -54. Let g = 238 - 254. Let s = g + p. Calculate w(s).
12
Let s = 45 - 40. Let y = s + 1. Let t(r) = r**2 - 5*r + 1. What is t(y)?
7
Let j(c) = -c + 12. Let r(h) = -99. Let q(z) = 4*j(z) + r(z). Give q(-14).
5
Suppose -3*z - 2*u - 1 = 0, z + 28 - 51 = 4*u. Let g(q) = q**3 - 5*q**2 + 2*q + 1. Determine g(z).
-11
Let a = 91 - 88. Let v(y) be the second derivative of -y**5/120 - y**4/12 - y**3/6 + 3*y. Let b(q) be the second derivative of v(q). Give b(a).
-5
Let k be 2/((-6)/18 + 1). Let p be (k/(75/10))/((-3)/15). Let j(z) = z + 3*z + 0*z. Determine j(p).
-8
Let m(v) = -v**2 - 16*v - 10. Let a(g) = -g**2 + 19*g + 51. Let w be a(22). Determine m(w).
5
Let i = 6 + -2. Let t(f) be the third derivative of -f**5/20 + f**4/24 + 13*f**3/6 - 13*f**2 + 1. Let c(j) = -j**2 + 6. Let b(h) = -5*c(h) + 2*t(h). Give b(i).
-12
Let w(i) = i**2 - 8*i - 7. Let x be w(9). Suppose 0 = -r + x - 1. Let v(a) = 5*a**2 - 2 + 7 - 4 - a**2. Determine v(r).
5
Let t(w) = 4*w**2 + 3*w - 3*w**2 + 3*w**2. Let y = 17 + -15. Let p(n) = -3*n**2 - 2*n. Let s(z) = y*t(z) + 3*p(z). Calculate s(3).
-9
Let m be (2 - 2)/(28/14). Let u(s) = s - 5. Calculate u(m).
-5
Let s(f) = -f - 7. Let b be s(-6). Let x be 2/(-7)*(-6 + b). Suppose -x*j = -5*j + 15. Let z(g) = g**3 - 5*g**2 - g - 4. What is z(j)?
-9
Suppose -7*i + 2*i + 2*o = -16, -4*i - o = -5. Let k(l) = -5*l**2 + l**2 - 2*l**2 + 4*l**2 - l - 2. Give k(i).
-12
Let v(c) = 13*c**2 + 15*c + 6. Let u(n) = -11*n**2 - 14*n - 6. Let k(w) = -6*u(w) - 5*v(w). Give k(-3).
-12
Let z = 1741 - 1738. Let l(m) = -m + 2. Let c be l(0). Let j(r) = 3*r - c*r - 4*r**2 + 2 - 1 + r**3. Determine j(z).
-5
Let x(o) = 16*o - 10. Let r(n) = -13*n + 10. Let h(m) = 5*r(m) + 4*x(m). Calculate h(10).
0
Let j = -155 + 161. Let c(v) = v**2 - 9*v + 9. Calculate c(j).
-9
Let h be (-14)/(-1 - (-1 + 1)). Suppose -h*t + 16*t = -10. Let i(o) = o**3 + 5*o - 2*o**3 - 3 - 2*o**2 - 2*o**2. What is i(t)?
-3
Suppose 17*j - 16*j - 4 = -f, -2*f + 14 = -4*j. Let w(q) = 13*q + 1. Determine w(j).
-12
Let j(n) be the third derivative of n**6/120 + n**5/12 + 5*n**4/24 - n**3/2 - 286*n**2. Suppose i + 0*i - 5*x = -29, -2*x = 4*i + 6. Determine j(i).
-7
Let v(h) = -5*h + 3. Let p(z) = -z**3 - z**2 + z + 1. Let d be p(1). Suppose -i = -5*f + 18, 5*i - 4*f + 2*f - 2 = d. Determine v(i).
-7
Let t(j) = -j**3 - j**2 - 3. Let q be t(0). Let m(k) = -2*k - 10. Let i be m(q). Let p(d) = d**3 + 5*d**2 + 3*d - 4. What is p(i)?
0
Let s(q) = -2*q - 1. Let g(p) = p - 1. Let k(h) = 9. Let j(o) = -3*g(o) + k(o). Let a be j(5). What is s(a)?
5
Let g(s) = -s**2 - 5*s + 1. Suppose -671*z + 647*z = 120. Calculate g(z).
1
Let b be 7 + 4 - ((-8)/(-4) + -1). Let p = -16 + b. Let r(t) be the third derivative of t**6/120 + t**5/12 - t**4/4 + t**3/6 - t**2. Determine r(p).
1
Let w(z) = -z**3 + 11*z**2 - 11*z + 10. Suppose 0 = -20*m + 6*m + 854. Suppose -63*i + 20 = -m*i. What is w(i)?
0
Let s(m) = m**2 - 5*m + 3. Let p = 8 - 8. Let k(h) = -h**3 - h**2 - h + 8. Let x be k(p). Suppose x = 4*d - 4. Determine s(d).
-3
Let d(u) = -u**2 + u - 3. Let y(n) = -n**2 - 2. Let f(s) = -4*d(s) + 5*y(s). Let p(l) be the first derivative of f(l). Calculate p(-3).
2
Let r(x) = -2*x. Let l(v) = v**2 - 10*v - 7. Let o be l(11). Let g be -3*o/3 - -5. Determine r(g).
-2
Let x(t) = -t**3 - 7*t**2 - 7*t. Let m be x(-6). Let u be 6*3/m*1. Let a(w) = u*w - 5*w - w - 17 + w**3 - 4*w**2 + 12. Calculate a(5).
5
Let w(k) be the first derivative of k**2/2 + 4*k + 88. Calculate w(-6).
-2
Let x be (-3)/(-4) + (-66)/88. Let i(p) = -16*p - 20. Suppose -5